 greatest common divisor of f and t.
5
Suppose 844*r + 175 = 849*r. What is the greatest common factor of 133 and r?
7
Suppose 469 + 70 = 11*z. What is the greatest common factor of z and 147?
49
Let z(x) = 2*x**3 - 12*x**2 + 16*x - 6. Let j be z(7). Let m be 1*15/9*j/4. What is the greatest common factor of m and 34?
17
Let m(x) = 8*x - 30. Let s be m(4). Suppose 5*t + 654 = s*k, -10*k + 6*k + 5*t = -1298. Calculate the greatest common factor of 46 and k.
46
Suppose 3*p - 408 = -m - 3*m, -4*p = 3*m - 306. Suppose 7*x + 150 = -m. Let l = -25 - x. What is the highest common divisor of 55 and l?
11
Suppose 0*p - 8 = 2*p, 2*p + 1133 = 5*a. Suppose -a = -4*t + 295. What is the highest common factor of t and 52?
26
Let m(h) = h**3 + 10*h**2 - 2*h + 1443. Let q be m(0). What is the greatest common divisor of 39 and q?
39
Let j be (-33)/12 - (-3)/4. Let c be 452/(-20) + j/5. Let p = -17 - c. Calculate the highest common divisor of p and 60.
6
Let v(p) = p**2 + 4*p + 2. Let g be v(0). Let m be 26 - 2 - (g - 1). Calculate the greatest common divisor of 253 and m.
23
Let s(x) = -x**3 + 13*x**2 + 13*x + 18. Let a be s(14). Suppose 2 = -w + 2*r, -a*w + 3*r + 2*r + 7 = 0. Calculate the greatest common factor of 64 and w.
8
Let i = -26 + 316. What is the highest common factor of 174 and i?
58
Let i(s) = 3*s**2 + 4*s + 4. Let r be i(-4). Calculate the highest common divisor of r and 144.
36
Suppose p = 4*n + 6*p - 283, 2*p - 298 = -4*n. Suppose -552 = -5*l - n. What is the greatest common factor of 38 and l?
19
Let l be 728/49 - 6/7. Calculate the highest common factor of 28 and l.
14
Let c = 12 - 12. Suppose h = x - 14, 0*h + h = c. Let y be 12/42 - (-66)/x. Calculate the greatest common divisor of y and 35.
5
Suppose 254*b - 810 = 248*b. Calculate the highest common factor of b and 72.
9
Let o(m) = m**2 + 2*m + 2. Let v be o(-2). Let p = v + 1. Suppose -3*u = -4*b + 55, p*u + 7 = -b + 2*b. Calculate the greatest common factor of 64 and b.
16
Let j(a) = a**3 - 7*a**2 - 10*a + 12. Let m be j(8). Let s be (-711)/(-36) + (-1)/m. Calculate the greatest common factor of 10 and s.
10
Let i be (18/8)/((-5)/(-20)). Suppose -3*s + 4 = -r - 2, -r + 5*s - 12 = 0. What is the greatest common factor of i and r?
3
Let w = 238 + -380. Let g = -141 - w. Suppose 0 = -4*q + 21 + 15. What is the greatest common divisor of g and q?
1
Let i(m) = -13*m**3 + 5*m**2 + 2*m - 3. Let y be i(-2). Calculate the highest common factor of y and 18.
9
Suppose -157 = -11*d + 118. Calculate the highest common divisor of 175 and d.
25
Let q = 1406 + -1366. What is the greatest common factor of q and 15?
5
Suppose -y = -8*i + 7*i + 5, 0 = -2*y - 8. Calculate the highest common factor of i and 10.
1
Let q be (-2)/((-2)/(-3) - (-1118)/(-1668)). Suppose -u - 433 = -4*u + h, 4*u - q = -4*h. What is the greatest common divisor of u and 13?
13
Suppose 0 = p - 5*w + 6, 0*p = p + w - 6. Let m = -2 - -6. Suppose -p*g = -m*x - 360, -348 = -4*g - 3*x + x. Calculate the highest common divisor of g and 11.
11
Let l(f) = 2*f**3 + 4*f - 3. Let c be l(2). Let b(g) = g**3 + 13*g**2 + 19*g + 9. Let u be b(-11). Calculate the highest common factor of u and c.
21
Let t be ((-22)/(-4))/((-5)/(-10)). Suppose 53*i - 39*i = 1078. What is the greatest common divisor of t and i?
11
Let v be (-5 + 1)/(-1) + 4. Suppose -3 = 8*r - 3*r - 4*j, -r - 1 = -j. What is the highest common factor of r and v?
1
Let t(z) = -3*z + 2. Let i be t(-2). Suppose 5*q - 2*f - 123 = 0, -4*f - 27 + 31 = 0. Let a = q - i. What is the greatest common divisor of 17 and a?
17
Suppose 4 = 2*w - 0*w. Suppose -5*h - 4*m = -h - 1592, 0 = -w*h - m + 797. Suppose -5*l + h = -546. What is the greatest common divisor of 21 and l?
21
Suppose 4*h = -28 - 72. Let d = 1 - h. Let f = d + -10. What is the highest common factor of f and 24?
8
Suppose 0 = -3*n + 2*n + 3. Suppose -5*w - 5*a + 30 + 15 = 0, -2*w - a = -18. Suppose n*j + 0 = w. What is the highest common divisor of j and 12?
3
Suppose 19*k - 16*k = 132. Calculate the highest common factor of 1 and k.
1
Let s(h) = -4*h - 10. Let g be s(-4). Let c be 28/84 + 4/g. Calculate the highest common factor of 16 and c.
1
Suppose -4*y + 5 = j, j = -3*y + 7*y - 3. Let r(c) = 147*c - 7. Let o be r(j). Calculate the highest common divisor of o and 28.
28
Let k be (-6)/(-3)*(-6 - 118/(-4)). What is the highest common divisor of k and 47?
47
Let u = -99 - -221. Suppose 2 = -4*t + u. What is the highest common factor of 75 and t?
15
Suppose -5*f - 3*y + 4*y = -345, 4*y = 20. What is the highest common factor of f and 120?
10
Suppose -17*o + 3582 = -6414. Calculate the greatest common factor of o and 12.
12
Let s(l) = 3*l**2 + 102*l + 84. Let f be s(-34). Calculate the highest common factor of f and 574.
14
Suppose c + 5*m - 29 = 10*m, 2*m - 10 = -5*c. What is the highest common factor of 1 and c?
1
Let c be 1 - (-1)/(-1 + (-34)/(-32)). Suppose -t + 3*t = n - 22, -5*t + c = 2*n. Calculate the greatest common divisor of 160 and n.
16
Suppose -a - 63 = -4*a. Let y be (-32)/2 - (0 + 2). Let j = a + y. What is the highest common divisor of 6 and j?
3
Suppose -12*c - 400 = -14*c. What is the highest common factor of 40 and c?
40
Let b(w) = -w**2 - 13*w - 6. Let j be b(-7). Suppose 3*k + 6 - 54 = -3*v, -20 = 5*k. Let x = j - v. What is the greatest common factor of 176 and x?
16
Let f be (-7 - -7)/(-1)*1/2. Suppose f = 15*n - 94 - 26. What is the highest common factor of 4 and n?
4
Let h(a) = -a**3 - 3*a**2 + 8*a + 6. Let z be h(-5). Let p be -3 - -5 - 0 - -9. Let j = p + -7. What is the highest common divisor of z and j?
4
Let m(n) be the third derivative of 3*n**5/20 - n**3/6 - 2*n**2. Let u be m(-1). What is the highest common factor of u and 4?
4
Suppose -22*h + 20*h = -30. Let z be (-1 - 0)*(h - 77). What is the highest common factor of 93 and z?
31
Suppose -18*i - 14274 = -31*i. What is the greatest common factor of 18 and i?
18
Let k(z) = z**3 + 22*z**2 - 18*z - 714. Let b be k(-21). Let y(c) = -c**3 - c**2 + c + 15. Let f be y(0). Calculate the highest common divisor of b and f.
15
Let d(t) = t**2 + 2*t + 3. Let z be d(-2). Let v be ((-15)/20 + z)*16. Calculate the greatest common divisor of 18 and v.
18
Let b(p) be the second derivative of -5/6*p**3 + 1/3*p**4 + 0*p**2 + 8*p + 0. Let m be b(5). Calculate the highest common factor of m and 15.
15
Let p be (1 + 1275/(-10))*-2. Calculate the greatest common factor of 23 and p.
23
Let b = 1428 - 348. What is the highest common factor of b and 15?
15
Suppose -14 = -6*d + 5*d. Let g(s) = -s**2 + 17*s - 28. Let j be g(d). Calculate the greatest common factor of j and 126.
14
Let j = 30 + -29. Let k be (12/16)/((-2)/8). Let r = k - -10. What is the highest common factor of r and j?
1
Suppose -h = -6*h + 5, 0 = k - 5*h + 3. Let s be k - 2 - -13 - -4. Calculate the greatest common divisor of s and 17.
17
Suppose -f + 19 = -2*f. Let q = 14 - 19. Let y = q - f. What is the greatest common divisor of 112 and y?
14
Let m(a) = -a**3 - 19*a**2 - 49*a + 11. Let s be m(-16). Calculate the highest common factor of 351 and s.
27
Suppose 42*y - 5418 = 24*y. What is the greatest common divisor of y and 172?
43
Let q = -216 - -246. What is the greatest common divisor of q and 20?
10
Suppose -6*x + c - 1349 = -2*x, -4*x - 1347 = c. Let j = -129 - x. Let r be 5*-1*26/(-5). What is the greatest common divisor of r and j?
26
Let p(j) = 25*j - 7. Let u be p(2). Let w = u + -23. What is the greatest common divisor of 5 and w?
5
Suppose 277 = 8*p + 37. Let m(x) = -x**3 + 10*x**2 + 6*x - 5. Let l be m(5). Calculate the highest common divisor of l and p.
30
Suppose -y + 81 = 3*k, -4*y - 5*k + 153 + 171 = 0. Calculate the greatest common divisor of 54 and y.
27
Suppose -4*y + 106 = -94. Let f = 31 + -21. Let w = f + 0. What is the greatest common divisor of w and y?
10
Let o be 35/(-14)*(-268)/5. Let t = o + -86. What is the highest common factor of t and 6?
6
Let f be (-23000)/69 + 1/3. Let u = -116 - f. Let r = 342 - u. What is the highest common divisor of r and 50?
25
Suppose 7*m - 2405 + 130 = 0. What is the highest common factor of m and 50?
25
Suppose 4*b - 3*s = 392, -463 = -28*b + 23*b - 3*s. What is the greatest common factor of 1520 and b?
95
Let j(r) = -r**2 + 7*r + 43. Let w be 